{"id":73,"date":"2018-10-23T08:32:35","date_gmt":"2018-10-23T08:32:35","guid":{"rendered":"https:\/\/futuriodemos.com\/default-demo\/?page_id=72"},"modified":"2021-09-10T20:13:11","modified_gmt":"2021-09-10T23:13:11","slug":"contatos","status":"publish","type":"page","link":"https:\/\/koinonia.org.br\/amazonia\/contatos\/","title":{"rendered":"Contatos"},"content":{"rendered":"\t\t<div data-elementor-type=\"wp-post\" data-elementor-id=\"73\" class=\"elementor elementor-73\">\n\t\t\t\t\t\t<div class=\"elementor-inner\">\n\t\t\t\t<div class=\"elementor-section-wrap\">\n\t\t\t\t\t\t\t\t\t<section class=\"elementor-section elementor-top-section elementor-element elementor-element-e418a57 elementor-section-stretched elementor-section-content-middle elementor-section-boxed elementor-section-height-default elementor-section-height-default\" data-id=\"e418a57\" data-element_type=\"section\" data-settings=\"{&quot;stretch_section&quot;:&quot;section-stretched&quot;,&quot;background_background&quot;:&quot;classic&quot;}\">\n\t\t\t\t\t\t<div class=\"elementor-container elementor-column-gap-default\">\n\t\t\t\t\t\t\t<div class=\"elementor-row\">\n\t\t\t\t\t<div class=\"elementor-column elementor-col-100 elementor-top-column elementor-element elementor-element-010629f elementor-invisible\" data-id=\"010629f\" data-element_type=\"column\" data-settings=\"{&quot;animation&quot;:&quot;slideInLeft&quot;}\">\n\t\t\t<div class=\"elementor-column-wrap elementor-element-populated\">\n\t\t\t\t\t\t\t<div class=\"elementor-widget-wrap\">\n\t\t\t\t\t\t<div class=\"elementor-element elementor-element-f81ab46 elementor-widget elementor-widget-heading\" data-id=\"f81ab46\" data-element_type=\"widget\" data-widget_type=\"heading.default\">\n\t\t\t\t<div class=\"elementor-widget-container\">\n\t\t\t<h2 class=\"elementor-heading-title elementor-size-default\">Contato<\/h2>\t\t<\/div>\n\t\t\t\t<\/div>\n\t\t\t\t<div class=\"elementor-element elementor-element-618df81 elementor-widget elementor-widget-text-editor\" data-id=\"618df81\" data-element_type=\"widget\" data-widget_type=\"text-editor.default\">\n\t\t\t\t<div class=\"elementor-widget-container\">\n\t\t\t\t\t\t\t\t<div class=\"elementor-text-editor elementor-clearfix\">\n\t\t\t\t<p>Se voc\u00ea deseja mais informa\u00e7\u00f5es ou gostaria de se somar \u00e0 nossa iniciativa, deixe aqui sua mensagem. Retornaremos seu contato assim que\u00a0poss\u00edvel.<\/p><div role=\"form\" class=\"wpcf7\" id=\"wpcf7-f503-o1\" lang=\"pt-BR\" dir=\"ltr\">\n<div class=\"screen-reader-response\"><p role=\"status\" aria-live=\"polite\" aria-atomic=\"true\"><\/p> <ul><\/ul><\/div>\n<form action=\"\/amazonia\/wp-json\/wp\/v2\/pages\/73#wpcf7-f503-o1\" method=\"post\" class=\"wpcf7-form init\" novalidate=\"novalidate\" data-status=\"init\">\n<div style=\"display: none;\">\n<input type=\"hidden\" name=\"_wpcf7\" value=\"503\" \/>\n<input type=\"hidden\" name=\"_wpcf7_version\" value=\"5.5.1\" \/>\n<input type=\"hidden\" name=\"_wpcf7_locale\" value=\"pt_BR\" \/>\n<input type=\"hidden\" name=\"_wpcf7_unit_tag\" value=\"wpcf7-f503-o1\" \/>\n<input type=\"hidden\" name=\"_wpcf7_container_post\" value=\"0\" \/>\n<input type=\"hidden\" name=\"_wpcf7_posted_data_hash\" value=\"\" \/>\n<\/div>\n<p><label> Seu nome<br \/>\n    <span class=\"wpcf7-form-control-wrap your-name\"><input type=\"text\" name=\"your-name\" value=\"\" size=\"40\" class=\"wpcf7-form-control wpcf7-text wpcf7-validates-as-required\" aria-required=\"true\" aria-invalid=\"false\" \/><\/span> <\/label><\/p>\n<p><label> Seu e-mail<br \/>\n    <span class=\"wpcf7-form-control-wrap your-email\"><input type=\"email\" name=\"your-email\" value=\"\" size=\"40\" class=\"wpcf7-form-control wpcf7-text wpcf7-email wpcf7-validates-as-required wpcf7-validates-as-email\" aria-required=\"true\" aria-invalid=\"false\" \/><\/span> <\/label><\/p>\n<p><label> Assunto<br \/>\n    <span class=\"wpcf7-form-control-wrap your-subject\"><input type=\"text\" name=\"your-subject\" value=\"\" size=\"40\" class=\"wpcf7-form-control wpcf7-text wpcf7-validates-as-required\" aria-required=\"true\" aria-invalid=\"false\" \/><\/span> <\/label><\/p>\n<p><label> Mensagem<br \/>\n    <span class=\"wpcf7-form-control-wrap your-message\"><textarea name=\"your-message\" cols=\"40\" rows=\"10\" class=\"wpcf7-form-control wpcf7-textarea\" aria-invalid=\"false\"><\/textarea><\/span> <\/label><\/p>\n<p><input type=\"submit\" value=\"Enviar\" class=\"wpcf7-form-control has-spinner wpcf7-submit\" \/><\/p>\n<p style=\"display: none !important;\" class=\"akismet-fields-container\" data-prefix=\"_wpcf7_ak_\"><label>&#916;<textarea name=\"_wpcf7_ak_hp_textarea\" cols=\"45\" rows=\"8\" maxlength=\"100\"><\/textarea><\/label><input type=\"hidden\" id=\"ak_js_1\" name=\"_wpcf7_ak_js\" value=\"146\"\/><script type=\"text\/javascript\">\ndocument.getElementById( \"ak_js_1\" ).setAttribute( \"value\", ( new Date() ).getTime() );\n<\/script>\n<\/p><div class=\"wpcf7-response-output\" aria-hidden=\"true\"><\/div><\/form><\/div>\t\t\t\t\t<\/div>\n\t\t\t\t\t\t<\/div>\n\t\t\t\t<\/div>\n\t\t\t\t<div class=\"elementor-element elementor-element-292dd28 elementor-widget elementor-widget-spacer\" data-id=\"292dd28\" data-element_type=\"widget\" data-widget_type=\"spacer.default\">\n\t\t\t\t<div class=\"elementor-widget-container\">\n\t\t\t\t\t<div class=\"elementor-spacer\">\n\t\t\t<div class=\"elementor-spacer-inner\"><\/div>\n\t\t<\/div>\n\t\t\t\t<\/div>\n\t\t\t\t<\/div>\n\t\t\t\t<div class=\"elementor-element elementor-element-61e42a4 elementor-widget elementor-widget-spacer\" data-id=\"61e42a4\" data-element_type=\"widget\" data-widget_type=\"spacer.default\">\n\t\t\t\t<div class=\"elementor-widget-container\">\n\t\t\t\t\t<div class=\"elementor-spacer\">\n\t\t\t<div class=\"elementor-spacer-inner\"><\/div>\n\t\t<\/div>\n\t\t\t\t<\/div>\n\t\t\t\t<\/div>\n\t\t\t\t\t\t<\/div>\n\t\t\t\t\t<\/div>\n\t\t<\/div>\n\t\t\t\t\t\t\t\t<\/div>\n\t\t\t\t\t<\/div>\n\t\t<\/section>\n\t\t\t\t<section class=\"elementor-section elementor-top-section elementor-element elementor-element-b189922 elementor-section-boxed elementor-section-height-default elementor-section-height-default\" data-id=\"b189922\" data-element_type=\"section\">\n\t\t\t\t\t\t<div class=\"elementor-container elementor-column-gap-default\">\n\t\t\t\t\t\t\t<div class=\"elementor-row\">\n\t\t\t\t\t<div class=\"elementor-column elementor-col-100 elementor-top-column elementor-element elementor-element-975d7b5\" data-id=\"975d7b5\" data-element_type=\"column\">\n\t\t\t<div class=\"elementor-column-wrap elementor-element-populated\">\n\t\t\t\t\t\t\t<div class=\"elementor-widget-wrap\">\n\t\t\t\t\t\t<div class=\"elementor-element elementor-element-d577ea5 elementor-widget elementor-widget-text-editor\" data-id=\"d577ea5\" data-element_type=\"widget\" data-widget_type=\"text-editor.default\">\n\t\t\t\t<div class=\"elementor-widget-container\">\n\t\t\t\t\t\t\t\t<div class=\"elementor-text-editor elementor-clearfix\">\n\t\t\t\t<p style=\"text-align: center;\"><a href=\"https:\/\/kn.org.br\/amazonia\/politica-de-privacidade-2\/\">Pol\u00edtica de Privacidade<\/a><\/p>\t\t\t\t\t<\/div>\n\t\t\t\t\t\t<\/div>\n\t\t\t\t<\/div>\n\t\t\t\t\t\t<\/div>\n\t\t\t\t\t<\/div>\n\t\t<\/div>\n\t\t\t\t\t\t\t\t<\/div>\n\t\t\t\t\t<\/div>\n\t\t<\/section>\n\t\t\t\t\t\t\t\t\t<\/div>\n\t\t\t<\/div>\n\t\t\t\t\t<\/div>\n\t\t","protected":false},"excerpt":{"rendered":"<p>Contato Se voc\u00ea deseja mais informa\u00e7\u00f5es ou gostaria de se somar \u00e0 nossa iniciativa, deixe aqui sua mensagem. Retornaremos seu contato assim que\u00a0poss\u00edvel. Pol\u00edtica de Privacidade<\/p>\n","protected":false},"author":1,"featured_media":0,"parent":0,"menu_order":0,"comment_status":"closed","ping_status":"closed","template":"","meta":{"_monsterinsights_skip_tracking":false,"_monsterinsights_sitenote_active":false,"_monsterinsights_sitenote_note":"","_monsterinsights_sitenote_category":0,"spay_email":""},"yoast_head":"<!-- This site is optimized with the Yoast SEO plugin v17.3 - https:\/\/yoast.com\/wordpress\/plugins\/seo\/ -->\n<title>Contatos - Di\u00e1logo Ecum\u00eanico e Interreligioso pela Amaz\u00f4nia<\/title>\n<meta name=\"robots\" content=\"index, follow, max-snippet:-1, max-image-preview:large, max-video-preview:-1\" \/>\n<link rel=\"canonical\" href=\"https:\/\/koinonia.org.br\/amazonia\/contatos\/\" \/>\n<meta property=\"og:locale\" content=\"pt_BR\" \/>\n<meta property=\"og:type\" content=\"article\" \/>\n<meta property=\"og:title\" content=\"Contatos - Di\u00e1logo Ecum\u00eanico e Interreligioso pela Amaz\u00f4nia\" \/>\n<meta property=\"og:description\" content=\"Contato Se voc\u00ea deseja mais informa\u00e7\u00f5es ou gostaria de se somar \u00e0 nossa iniciativa, deixe aqui sua mensagem. Retornaremos seu contato assim que\u00a0poss\u00edvel. Pol\u00edtica de Privacidade\" \/>\n<meta property=\"og:url\" content=\"https:\/\/koinonia.org.br\/amazonia\/contatos\/\" \/>\n<meta property=\"og:site_name\" content=\"Di\u00e1logo Ecum\u00eanico e Interreligioso pela Amaz\u00f4nia\" \/>\n<meta property=\"article:modified_time\" content=\"2021-09-10T23:13:11+00:00\" \/>\n<meta name=\"twitter:card\" content=\"summary_large_image\" \/>\n<script type=\"application\/ld+json\" class=\"yoast-schema-graph\">{\"@context\":\"https:\/\/schema.org\",\"@graph\":[{\"@type\":\"WebSite\",\"@id\":\"https:\/\/koinonia.org.br\/amazonia\/#website\",\"url\":\"https:\/\/koinonia.org.br\/amazonia\/\",\"name\":\"Di\\u00e1logo Ecum\\u00eanico e Interreligioso pela Amaz\\u00f4nia\",\"description\":\"Visando fortalecer iniciativas ecum\\u00eanicas e interreligiosas pela dignidade humana\",\"potentialAction\":[{\"@type\":\"SearchAction\",\"target\":{\"@type\":\"EntryPoint\",\"urlTemplate\":\"https:\/\/koinonia.org.br\/amazonia\/?s={search_term_string}\"},\"query-input\":\"required name=search_term_string\"}],\"inLanguage\":\"pt-BR\"},{\"@type\":\"WebPage\",\"@id\":\"https:\/\/koinonia.org.br\/amazonia\/contatos\/#webpage\",\"url\":\"https:\/\/koinonia.org.br\/amazonia\/contatos\/\",\"name\":\"Contatos - Di\\u00e1logo Ecum\\u00eanico e Interreligioso pela Amaz\\u00f4nia\",\"isPartOf\":{\"@id\":\"https:\/\/koinonia.org.br\/amazonia\/#website\"},\"datePublished\":\"2018-10-23T08:32:35+00:00\",\"dateModified\":\"2021-09-10T23:13:11+00:00\",\"breadcrumb\":{\"@id\":\"https:\/\/koinonia.org.br\/amazonia\/contatos\/#breadcrumb\"},\"inLanguage\":\"pt-BR\",\"potentialAction\":[{\"@type\":\"ReadAction\",\"target\":[\"https:\/\/koinonia.org.br\/amazonia\/contatos\/\"]}]},{\"@type\":\"BreadcrumbList\",\"@id\":\"https:\/\/koinonia.org.br\/amazonia\/contatos\/#breadcrumb\",\"itemListElement\":[{\"@type\":\"ListItem\",\"position\":1,\"name\":\"In\\u00edcio\",\"item\":\"https:\/\/koinonia.org.br\/amazonia\/\"},{\"@type\":\"ListItem\",\"position\":2,\"name\":\"Contatos\"}]}]}<\/script>\n<!-- \/ Yoast SEO plugin. -->","yoast_head_json":{"title":"Contatos - Di\u00e1logo Ecum\u00eanico e Interreligioso pela Amaz\u00f4nia","robots":{"index":"index","follow":"follow","max-snippet":"max-snippet:-1","max-image-preview":"max-image-preview:large","max-video-preview":"max-video-preview:-1"},"canonical":"https:\/\/koinonia.org.br\/amazonia\/contatos\/","og_locale":"pt_BR","og_type":"article","og_title":"Contatos - Di\u00e1logo Ecum\u00eanico e Interreligioso pela Amaz\u00f4nia","og_description":"Contato Se voc\u00ea deseja mais informa\u00e7\u00f5es ou gostaria de se somar \u00e0 nossa iniciativa, deixe aqui sua mensagem. Retornaremos seu contato assim que\u00a0poss\u00edvel. Pol\u00edtica de Privacidade","og_url":"https:\/\/koinonia.org.br\/amazonia\/contatos\/","og_site_name":"Di\u00e1logo Ecum\u00eanico e Interreligioso pela Amaz\u00f4nia","article_modified_time":"2021-09-10T23:13:11+00:00","twitter_card":"summary_large_image","schema":{"@context":"https:\/\/schema.org","@graph":[{"@type":"WebSite","@id":"https:\/\/koinonia.org.br\/amazonia\/#website","url":"https:\/\/koinonia.org.br\/amazonia\/","name":"Di\u00e1logo Ecum\u00eanico e Interreligioso pela Amaz\u00f4nia","description":"Visando fortalecer iniciativas ecum\u00eanicas e interreligiosas pela dignidade humana","potentialAction":[{"@type":"SearchAction","target":{"@type":"EntryPoint","urlTemplate":"https:\/\/koinonia.org.br\/amazonia\/?s={search_term_string}"},"query-input":"required name=search_term_string"}],"inLanguage":"pt-BR"},{"@type":"WebPage","@id":"https:\/\/koinonia.org.br\/amazonia\/contatos\/#webpage","url":"https:\/\/koinonia.org.br\/amazonia\/contatos\/","name":"Contatos - Di\u00e1logo Ecum\u00eanico e Interreligioso pela Amaz\u00f4nia","isPartOf":{"@id":"https:\/\/koinonia.org.br\/amazonia\/#website"},"datePublished":"2018-10-23T08:32:35+00:00","dateModified":"2021-09-10T23:13:11+00:00","breadcrumb":{"@id":"https:\/\/koinonia.org.br\/amazonia\/contatos\/#breadcrumb"},"inLanguage":"pt-BR","potentialAction":[{"@type":"ReadAction","target":["https:\/\/koinonia.org.br\/amazonia\/contatos\/"]}]},{"@type":"BreadcrumbList","@id":"https:\/\/koinonia.org.br\/amazonia\/contatos\/#breadcrumb","itemListElement":[{"@type":"ListItem","position":1,"name":"In\u00edcio","item":"https:\/\/koinonia.org.br\/amazonia\/"},{"@type":"ListItem","position":2,"name":"Contatos"}]}]}},"_links":{"self":[{"href":"https:\/\/koinonia.org.br\/amazonia\/wp-json\/wp\/v2\/pages\/73"}],"collection":[{"href":"https:\/\/koinonia.org.br\/amazonia\/wp-json\/wp\/v2\/pages"}],"about":[{"href":"https:\/\/koinonia.org.br\/amazonia\/wp-json\/wp\/v2\/types\/page"}],"author":[{"embeddable":true,"href":"https:\/\/koinonia.org.br\/amazonia\/wp-json\/wp\/v2\/users\/1"}],"replies":[{"embeddable":true,"href":"https:\/\/koinonia.org.br\/amazonia\/wp-json\/wp\/v2\/comments?post=73"}],"version-history":[{"count":12,"href":"https:\/\/koinonia.org.br\/amazonia\/wp-json\/wp\/v2\/pages\/73\/revisions"}],"predecessor-version":[{"id":825,"href":"https:\/\/koinonia.org.br\/amazonia\/wp-json\/wp\/v2\/pages\/73\/revisions\/825"}],"wp:attachment":[{"href":"https:\/\/koinonia.org.br\/amazonia\/wp-json\/wp\/v2\/media?parent=73"}],"curies":[{"name":"wp","href":"https:\/\/api.w.org\/{rel}","templated":true}]}}